*t - 40. Let r = -9 + 9. Suppose r = -t*u + 53 - 23. Calculate the greatest common divisor of 5 and u.
5
Let f = 1820 + -1795. Calculate the highest common factor of 325 and f.
25
Suppose -5*l + 7 = -8, 4*l - 62 = 5*p. Let i(s) = 19*s - 60*s + 18*s + 21*s. Let b be i(p). Calculate the highest common factor of 10 and b.
10
Suppose 18*i + 259594 = 78*i - 11606. Calculate the highest common factor of 1582 and i.
226
Suppose 5*d - 5*k = -6*k + 969, k = 4*d - 786. Calculate the highest common factor of 13260 and d.
195
Let d = 10 + -5. Suppose h = u + 4 + 7, 0 = 4*u + h + 34. Let y be (-5)/2*(9/u - 21). What is the highest common divisor of y and d?
5
Suppose 14981*h - 45 = 14976*h, 2*h - 2736 = -3*q. What is the highest common divisor of 22046 and q?
302
Suppose 4*p - 10 = -p + 4*u, -13 = -3*p + u. Let x = 0 - p. Let d be (77/(-2) - 0)*x. Calculate the highest common factor of 21 and d.
21
Suppose 433*l - 422*l - 1104 + 136 = 0. What is the greatest common divisor of 1944 and l?
8
Suppose -13017 = 75*n - 79240 - 75527. What is the highest common divisor of 130 and n?
10
Let z = 68136 - 4280. Calculate the greatest common divisor of z and 16.
16
Suppose d + 2*o = 452, 97*d - 94*d = 5*o + 1290. Calculate the highest common factor of 165 and d.
55
Let w be (2440/(-21) - 30/210)/(1/(-15)). Calculate the highest common divisor of w and 20.
5
Let a(s) = -395*s - 913. Let w be a(-3). Calculate the highest common divisor of w and 1020.
68
Suppose -4*j + 2 - 22 = 0, -5*j = -q + 478. Let s = q - 383. Calculate the highest common divisor of 40 and s.
10
Let q = 294 - 285. Suppose -4*r = -q*r + 180. What is the greatest common factor of r and 54?
18
Suppose 3411*l - 3417*l = -2790. What is the greatest common factor of 93 and l?
93
Let v(t) = -t**3 - t**2 + 72*t + 5. Let b be v(8). Suppose -b*r = -10*r + 3*i + 263, -2*r = -2*i - 106. Calculate the highest common divisor of 234 and r.
26
Let m be (120/(-4))/(51/(-1190)). Calculate the highest common factor of m and 60.
20
Let h(j) = 43*j**2 + j. Let u be h(-1). Let a = 477 - 26. Let y = a + -283. Calculate the highest common divisor of y and u.
42
Let b = -5 + 13. Let t(u) = -19*u + 115. Let a be (-4 + 5)/(4/20). Let r be t(a). What is the greatest common divisor of r and b?
4
Let d(s) = -s**3 + 36*s**2 - 6*s + 40. Let v be d(15). What is the highest common factor of 50 and v?
25
Suppose -32*p - 10*p + 1230 = -1962. Calculate the greatest common divisor of 2679 and p.
19
Let t(j) = 15*j**2 + 7*j + 8. Let x be t(-2). Suppose 79 = 7*f - x. Suppose -f*v + 18*v + 26 = 0. What is the greatest common divisor of 104 and v?
26
Let m(d) = -14*d + 141. Let y be m(10). Let v(n) = 68*n**2 + 22*n - 23. Let q be v(y). Calculate the greatest common factor of 268 and q.
67
Let l(k) = -79*k - 1963. Let r be l(-25). What is the greatest common divisor of 17796 and r?
12
Suppose -29*r + 112*r - 7225 = -502. Calculate the highest common factor of r and 6480.
81
Suppose 3*o - 4*d = 26, -5*o + 2*o + 28 = -2*d. Let a = -1 + o. Suppose k + 19 = -5*g, -2*k = -k + 3*g + a. Calculate the greatest common factor of k and 54.
6
Let q(o) = 28*o + 48. Let y be q(9). Let m be ((-36)/(-24))/(309/y - 1). What is the greatest common factor of m and 70?
10
Let n(i) = i**2 + 15*i + 180. Let g be n(-12). Calculate the greatest common factor of 128 and g.
16
Let g(u) = -37*u + 48. Let f be g(28). Let x be ((65/4)/5)/((-19)/f). Calculate the highest common factor of x and 13.
13
Let k be 12/21*2 + 80487/189. Calculate the greatest common divisor of k and 976.
61
Let t = -437 - -476. Let l(m) = m. Let d be l(3). Let o(h) = -h**3 + 7*h**2 + h. Let n be o(d). What is the highest common divisor of n and t?
39
Let a(i) be the second derivative of i**3 + 5*i**2/2 - 92*i. Let j be a(1). Calculate the greatest common divisor of j and 22.
11
Let x(v) = -v**3 + 49*v**2 - 92*v - 31. Let n be x(47). Calculate the highest common divisor of n and 6363.
63
Let k = -255 - -431. Let b(z) = z**3 - 9*z**2 + 3*z + 5. Let j be b(9). Calculate the greatest common divisor of j and k.
16
Let w = 1866 + -1798. Let r(c) = -13*c - 6. Let u be r(-5). Suppose -2*q - 62 = -4*s, 0 = -4*s - 0*s + 3*q + u. Calculate the greatest common factor of w and s.
17
Suppose -2255*s - 667 = -2*y - 2260*s, 3*y - 1011 = 3*s. What is the highest common divisor of y and 528?
48
Suppose -3*v - 18 = 0, 0*n - 3*n = -v - 1002. Calculate the highest common factor of 9877 and n.
83
Suppose -11887 = -26*y + 10525. What is the highest common factor of y and 20?
2
Let n(m) = 2*m**2 - 3*m - 4. Let w be n(4). Let o be -76 + 68 + -4 + 52. Calculate the greatest common divisor of w and o.
8
Let p(t) = 2*t**2 + t - 15. Let a be (-3)/5 + 1 + 64/(-10). Let v be p(a). What is the greatest common factor of v and 51?
51
Let z = 4465 + -4439. Suppose -6*o + 5*o = -806. Calculate the greatest common factor of z and o.
26
Let z = -18 - -48. Suppose 0 = -3*c + l - 5*l + 80, -2*c + 2*l + z = 0. Calculate the highest common factor of c and 90.
10
Suppose 0 = 51*l - 81351 + 69684 - 111651. Calculate the greatest common divisor of 78 and l.
78
Suppose 2*t + 5*t - 3857 = 0. Suppose 210*j - 185*j - 475 = 0. What is the highest common divisor of j and t?
19
Suppose i = 4*i - 5*i. Suppose i = -d + 3*d + 2, r + 2*d - 8 = 0. Let x be 264/r - 26/65. What is the greatest common factor of x and 13?
13
Suppose -8*v = -8*v - 6*v + 3828. What is the greatest common factor of v and 66?
22
Suppose n - 183 = 3*m - 5*m, 2*n - 394 = 3*m. Suppose -6*d + 257 - n = 0. Let i be (0 - (4 + -2))/((-2)/11). What is the highest common factor of d and i?
11
Suppose 3*s + 4*o = 32, -5*o = 3*s + 2*s - 45. Suppose 3*n = s*t - 1356, t = -t + 4*n + 688. What is the highest common factor of t and 7?
7
Suppose 8*q = -5*x + 2848, 3*q - 20 = -4*x + 1048. What is the highest common factor of 36 and q?
4
Let m = -423 + -41. Let t = 1201 + m. What is the greatest common divisor of t and 67?
67
Suppose -35 = 197*z - 192*z, 4*z - 2987 = -5*f. Calculate the greatest common factor of 268 and f.
67
Suppose -43*d + 163*d = 1708680. What is the greatest common factor of 29 and d?
29
Let o(r) = r**3 - 11*r**2 - 32*r + 102. Let n be o(21). Calculate the greatest common divisor of 204 and n.
12
Let n be (-12)/(-9)*(-405)/(-30). Suppose 4*u = -n*u + 352. Suppose -4*c + 0*t + 3*t + 102 = 0, c + 4*t = 16. What is the greatest common factor of c and u?
8
Suppose 54100 - 2719 = 9*q. What is the highest common factor of q and 33?
33
Let z(b) = -93 - 3*b**3 - 7*b**2 + 7*b**2 + 90 + 3*b. Let o be z(-2). What is the greatest common factor of o and 135?
15
Suppose 7*l + 23 - 58 = 0. Let s(k) = 2*k**2 + 9*k - 8. Let i be s(-7). Let x = i + -24. Calculate the greatest common divisor of x and l.
1
Let m be (13128/(-18))/(4*(-5)/420). What is the greatest common divisor of m and 56?
28
Let q be -31*10*32/80. Let r = 150 + q. Calculate the highest common factor of 702 and r.
26
Let c(p) = -23*p + 42. Let a(k) = 2*k**3 - 6*k**2 - 7. Let z be a(3). Let q be c(z). Suppose 3*r - q = 2*r. Calculate the highest common divisor of 29 and r.
29
Let l = -27 - -57. Let k = -140 + 244. Let o = 179 - k. Calculate the highest common factor of o and l.
15
Suppose -10*i = 132 - 192. Suppose n - 7 = -1. What is the greatest common divisor of i and n?
6
Suppose 6*n + 7*n - 39 = 0. Suppose 3*j - 4 = 2*j, -v + n*j + 196 = 0. What is the highest common factor of 48 and v?
16
Let l(c) = 10*c**3 + 4*c - 6. Suppose 7*d - 45 + 31 = 0. Let a be l(d). Calculate the highest common divisor of a and 123.
41
Let v = 17 + -8. Let g(r) = 5*r - 17. Let j be g(7). Suppose 3*h = j*h - 1485. Calculate the greatest common factor of h and v.
9
Let a(i) = 873*i + 63. Let p be a(2). Let q = p + -621. Calculate the greatest common factor of 11 and q.
11
Suppose 5*w - 115 = 125. Let h = w - 23. Calculate the greatest common factor of 125 and h.
25
Suppose 117*s - 116733 - 1086 = 0. Calculate the greatest common divisor of s and 265.
53
Let o = 388 + -84. Let z = o - 302. What is the greatest common divisor of 8 and z?
2
Suppose 0 = -39*x + 9637 + 4403. Calculate the greatest common factor of x and 440.
40
Suppose 2*c - 448 = -5*n, 2*n = -0*n - 8. Calculate the highest common divisor of 360 and c.
18
Let h(l) = -26*l - 28. 